= -15843*f - 142558. Determine y(-9).
29
Let b(v) = -1008*v + 418680. Determine b(415).
360
Let r(i) = 589*i + 1966. Calculate r(-3).
199
Let n(f) = -3*f**3 + 7*f**2 + 53*f - 24. Give n(5).
41
Let b(a) = 10*a**2 - 4474*a + 256102. Give b(380).
-18
Let w(b) = 1966*b**2 + 202508*b + 1028. Calculate w(-103).
-2
Let l(w) = w**2 - 222*w - 11168. Give l(263).
-385
Let n(m) = -2*m**2 + 35259*m - 176238. What is n(5)?
7
Let h(w) = w**2 + 4606*w - 46156. Calculate h(10).
4
Let g(o) = -1856*o**2 - 300688*o - 2582. Calculate g(-162).
10
Let b(y) = 101*y**2 + 1679*y + 1620. Calculate b(-1).
42
Let s(j) = j**3 - 12*j**2 + 286*j - 810. Give s(3).
-33
Let f(r) = 8215*r - 4468955. What is f(544)?
5
Let m(i) = -1543402*i + 1543416. What is m(1)?
14
Let z(w) = 18*w**3 + 548*w**2 - 899*w - 98. What is z(-32)?
-2
Let k(g) = -393*g - 77011. What is k(-196)?
17
Let n(d) = -d**3 - 27*d**2 + 195*d + 2202. Determine n(-31).
1
Let x(g) = 4*g**2 + 332*g - 1588. Determine x(-87).
-196
Let l(q) = 7*q**3 + 985*q**2 + 691*q - 1272. Calculate l(-140).
-12
Let n(h) = 10*h**2 + 66*h + 687. Give n(-10).
1027
Let u(c) = -c**2 - 90*c + 1926. Give u(-105).
351
Let d(r) = -55*r**2 + 133*r + 731. Give d(-6).
-2047
Let m(o) = o**3 - 17*o**2 - 631*o - 2901. Determine m(-6).
57
Let h(l) = l**3 + 36*l**2 - 39*l - 1403. Calculate h(-36).
1
Let s(j) = -736*j**2 + 651*j + 2. Give s(1).
-83
Let c(t) = -1491*t - 144718. Calculate c(-97).
-91
Let h(i) = 169529*i - 847631. Give h(5).
14
Let h(s) = -3586*s - 211581. Determine h(-59).
-7
Let q(y) = 186*y**2 + 5043*y + 779. Calculate q(-27).
212
Let l(z) = -20*z**2 + 8*z + 185. What is l(5)?
-275
Let p(w) = 3*w**2 - 413*w - 7556. What is p(-13)?
-1680
Let h(k) = -299*k - 1482. Give h(-6).
312
Let x(d) = -1494*d**2 + 8964*d - 32. What is x(6)?
-32
Let a(x) = -3*x**2 + 523*x - 6311. Determine a(13).
-19
Let t(u) = 1912*u - 60698. What is t(33)?
2398
Let d(m) = 406*m + 26680. Determine d(-60).
2320
Let k(m) = -1047*m**2 - 34*m + 2. What is k(1)?
-1079
Let v(y) = 4252*y + 46500. Determine v(-11).
-272
Let p(q) = -27*q + 5141. Give p(195).
-124
Let c(u) = 2770*u + 49066. Calculate c(-16).
4746
Let m(v) = 37*v**2 + 62*v - 64. Calculate m(6).
1640
Let x(t) = 18*t**3 + 1006*t**2 - 130*t - 27. Give x(-56).
981
Let o(u) = 1437*u + 224164. Give o(-156).
-8
Let q(b) = b**3 + 42*b**2 - 6272*b + 913. Give q(-103).
-220
Let i(z) = -24*z**2 - 111*z + 389. Give i(-7).
-10
Let o(b) = b**2 - 108*b + 3110. Calculate o(54).
194
Let s(k) = -2*k**2 + 15820*k + 95024. What is s(-6)?
32
Let w(x) = 354*x**2 + 38941*x + 86. Determine w(-110).
-24
Let c(u) = -6404*u - 416254. Determine c(-65).
6
Let m(t) = -t**3 - 55*t**2 - 32*t + 1192. Calculate m(-54).
4
Let m(q) = -24*q**2 - 342891*q - 685775. Determine m(-2).
-89
Let j(t) = 8*t**3 + 60*t**2 - 124*t - 1127. Give j(-6).
49
Let y(r) = -r**3 + 24*r**2 + 114*r - 83. What is y(-5)?
72
Let m(a) = -13113*a + 931329. Determine m(71).
306
Let f(c) = 167*c**2 + 1673*c + 103. Calculate f(-10).
73
Let p(h) = 34059*h + 1872928. Determine p(-55).
-317
Let n(d) = 2709*d + 48694. What is n(-18)?
-68
Let p(l) = -l**2 - 69*l + 2670. Determine p(27).
78
Let q(m) = -5985*m + 5129165. What is q(857)?
20
Let b(o) = 16*o**2 + 876*o - 18473. Determine b(-71).
-13
Let q(o) = -1160337*o + 8122355. Calculate q(7).
-4
Let s(f) = f**2 + 10238*f + 224745. What is s(-22)?
-7
Let o(x) = -1722*x - 27165. Determine o(-16).
387
Let t(i) = i**2 - 580526*i - 2902625. Calculate t(-5).
30
Let j(d) = 31*d**3 - 191*d**2 + 66*d - 232. Calculate j(6).
-16
Let y(b) = -2*b**3 - 17*b**2 + 58*b + 417. Determine y(-9).
-24
Let a(j) = -j**3 - 7*j**2 - 71*j - 786. Calculate a(-9).
15
Let k(b) = 34661*b + 242637. Calculate k(-7).
10
Let m(u) = -1220*u + 17236. Calculate m(13).
1376
Let d(p) = -4*p**3 + 34*p**2 - 31*p - 69. Determine d(7).
8
Let z(y) = -3188*y + 31728. What is z(10)?
-152
Let o(q) = 27*q**2 + 323*q - 756. Calculate o(2).
-2
Let s(f) = -f**2 - 1777*f - 10615. What is s(-6)?
11
Let z(g) = 6689*g - 140408. Determine z(21).
61
Let p(f) = 16*f**3 - 6*f**2 + 22*f - 38. Determine p(3).
406
Let z(q) = 36*q**3 + 869*q**2 + 118*q - 50. Determine z(-24).
-2
Let v(p) = p**2 + 86699*p + 1126910. Give v(-13).
-8
Let v(k) = -k**3 + 747*k**2 + 4576*k + 343. Give v(-6).
-5
Let z(y) = 46*y**3 + 8*y**2 + 56*y - 108. What is z(2)?
404
Let p(u) = 28011*u + 616232. Give p(-22).
-10
Let f(a) = -3*a**3 - 425*a**2 + 140*a - 3. Give f(-142).
281
Let q(p) = p**2 - 219*p - 63777. Calculate q(-166).
133
Let d(j) = -j**3 + 29*j**2 - 69*j + 82. What is d(25)?
857
Let n(b) = -11*b**2 - 735*b - 2191. Give n(-3).
-85
Let z(d) = -3*d**3 - 768*d**2 + 19*d + 912. What is z(-256)?
-3952
Let o(f) = -4*f**2 - 333*f - 1457. Determine o(-79).
-114
Let n(t) = t**3 - 207*t**2 + 4061*t + 1622. Determine n(185).
-43
Let q(h) = -2*h**3 - 45*h**2 + 6697*h + 153511. Determine q(-23).
9
Let v(f) = 4*f**3 + 312*f**2 + 5820*f + 2883. Give v(-48).
3
Let z(f) = f**3 + 7*f**2 - 130*f - 903. Give z(-6).
-87
Let p(l) = 3*l**3 + 83*l**2 + 71*l + 599. Determine p(-25).
3824
Let s(r) = 827*r - 3824. What is s(4)?
-516
Let c(j) = j**3 - 14*j**2 - 314*j + 267. Give c(26).
215
Let a(l) = l**3 - 32*l**2 - 161*l + 402. Determine a(-6).
0
Let f(u) = -755*u - 18829. Determine f(-25).
46
Let d(h) = h**3 - 91*h**2 + 1658*h + 9511. Determine d(34).
-9
Let x(h) = -h**3 + 14*h**2 + 1439*h - 7365. Determine x(5).
55
Let j(i) = -i**3 + 335*i**2 - 2621*i + 1076. What is j(327)?
-559
Let k(w) = -2*w**2 - 1496*w - 28014. Calculate k(-19).
-312
Let q(j) = 466*j - 3510. Give q(6).
-714
Let t(v) = -297*v**2 + 1710*v - 10. Give t(6).
-442
Let m(o) = 161565*o - 807834. Give m(5).
-9
Let n(x) = 615016*x - 6765163. What is n(11)?
13
Let t(z) = -2*z**2 + 717*z - 63266. What is t(202)?
-40
Let y(p) = -p**3 + 234*p**2 + 956*p - 889. Determine y(238).
63
Let d(s) = -466*s + 1443. Calculate d(3).
45
Let t(s) = -s**3 + 367*s**2 - 5810*s - 49029. Determine t(350).
-29
Let t(w) = 3*w**2 - 47*w - 507. Determine t(27).
411
Let a(k) = 11024*k + 12942171. Determine a(-1174).
-5
Let r(k) = -2*k**2 + 201*k + 8638. What is r(133)?
-7
Let x(u) = -u**3 - 42*u**2 + 288*u + 160. Calculate x(-48).
160
Let t(w) = 9*w**2 + 54*w - 348. Calculate t(3).
-105
Let l(a) = a**3 - 229*a**2 + 7098*a + 356. What is l(192)?
-796
Let a(h) = 457*h + 7714. Calculate a(-17).
-55
Let f(r) = -22*r**2 - 772*r + 34887. Determine f(26).
-57
Let v(x) = -5141*x + 84. Calculate v(0).
84
Let o(a) = 101*a + 6826. What is o(-55)?
1271
Let l(v) = -v**2 - 60*v + 218. Give l(-59).
277
Let h(q) = -2*q**3 - 28*q**2 + 176*q + 1987. Determine h(-14).
-477
Let j(g) = -10864*g + 20253. Give j(2).
-1475
Let n(j) = 151*j - 1742. What is n(11)?
-81
Let b(m) = -2*m**3 - 9*m**2 + 84*m + 249. Give b(-8).
25
Let a(k) = 636*k - 1321. Determine a(3).
587
Let i(u) = -146*u - 11233. Calculate i(-77).
9
Let h(v) = 4322*v + 799584. Calculate h(-185).
14
Let o(w) = 3*w**2 - 498563*w + 1994209. Determine o(4).
5
Let c(b) = 194*b - 15155. Determine c(77).
-217
Let u(i) = 9577*i - 603413. What is u(63)?
-62
Let y(r) = r**2 + 7743*r - 100605. Give y(13).
223
Let d(g) = 1113*g + 19336. Give d(-17).
415
Let z(g) = -155492*g + 1399443. Determine z(9).
15
Let h(i) = 4*i**2 + 115135*i + 115134. Determine h(-1).
3
Let b(m) = -3*m**3 + 221*m**2 + 56*m - 513. Give b(74).
-1845
Let x(z) = z**2 - 10952*z - 5606573. Determine x(-490).
7
Let m(f) = -12*f**2 - 676*f - 6003. Calculate m(-42).
1221
Let x(k) = -3*k**2 + 2813*k - 157973. Determine x(60).
7
Let a(o) = 7*o**3 - 29*o**2 - 3543*o + 14237. Calculate a(4).
49
Let f(w) = 4*w**3 - 77*w**2 + 319*w - 45. Determine f(17).
2777
Let t(n) = -2*n**3 + 4*n**2 - 13413*n + 53684. Determine t(4).
-32
Let f(r) = 96*r**3 - 567*r**2 - 18105*r + 6. What is f(17)?
6
Let i(c) = -49*c**2 + 124*c - 64. What is i(2)?
-12
Let x(g) = -2*g**2 + 1647*g - 75181. Give x(775).
-6
Let v(m) = 34127*m + 13275400. What is v(-389)?
-3
Let c(z) = 9411*z + 94137. Give c(-10).
27
Let y(s) = -5*s**3 + 45*s**2 + 121*s - 40. What is y(-3)?
137
Let g(z) = z**3 + 1301*z**2 + 41938*z + 119208. Determine g(-1268).
16
Let d(o) = -62*o**2 - 486*o + 48. Give d(-8).
-32
Let r(m) = -154618*m - 309234. Give r(-2).
2
Let g(n) = -13*n**3 + 135*n**2 - 62*n + 15. What is g(10)?
-105
Let d(x) = -x**3 + 4*x**2 + 189*